= -1. Let u be (-294)/s + (14/(-8) - -2). Determine z(u).
-1
Let z(h) be the first derivative of h**4/24 + 9*h**2/2 - 39. Let r(l) be the second derivative of z(l). Calculate r(6).
6
Suppose 5502*w - 5510*w - 128 = 0. Let m(f) = 3*f + 61. Let s(n) = -n - 20. Let p(l) = -4*m(l) - 14*s(l). Give p(w).
4
Let f(h) = -11 + 23*h**3 - 5*h + 2 - 25*h**3 + 13*h**2. Give f(6).
-3
Let n be (-56)/6*-10*48/140. Let t(h) = 9*h - 283. Determine t(n).
5
Let h(j) be the second derivative of 17*j**4/12 - j**3/6 - j**2/2 + j. Let u(s) = -678*s - 11527. Let r be u(-17). Calculate h(r).
17
Let b(q) = 23*q - 2. Suppose 0 = 49*s - 195 + 48. Determine b(s).
67
Let s(m) be the third derivative of -m**5/30 + 7*m**4/24 + 6*m**3 + 95*m**2 + 11. Determine s(7).
-13
Let g(h) = 10767 - 10752 + 8*h + 51*h**2 - 53*h**2. What is g(-6)?
-105
Let s(i) = -24*i + 26. Let o be s(1). Let j(p) = 8*p**2 - 5*p - 1 + 7*p - 16*p**o + 6*p**2. What is j(2)?
-5
Let w(y) = -37 + 0*y**3 + 18*y**2 + 19*y + 5*y**3 + 2*y**3 + 40 - 8*y**3. Calculate w(19).
3
Let b(z) = 53 - 6 - 27 - 26 - 14*z. Let o = 8 + -2. Let i(w) = 15*w + 7. Let h(f) = o*b(f) + 5*i(f). Give h(-1).
8
Let x(u) = -33*u**3 + u + 1. Suppose -5*s = -5*o + 35, 0 = -5*s - 13*o + 9*o + 19. Determine x(s).
33
Let p(w) = w**2 + 6*w + 3. Let x(f) = -f**2 + 6*f + 50. Let c = -473 - -484. Let b be x(c). Determine p(b).
-2
Suppose 21*u + 45 = 24*u. Suppose 0*p + 4*g - 1 = p, -p + u = 4*g. Let k(v) = -572*v + 8*v**2 + 2*v**3 + 565*v - 3*v**3 + 6. Determine k(p).
6
Let z(s) = -15*s - 1. Let m(x) be the second derivative of 10*x - 3*x**3 + 31/2*x**2 + 0 + 1/12*x**4. Let c be m(16). What is z(c)?
14
Let x = 36 + -29. Suppose -4*a + 13 = 5*b, 5*a - b = 3*b + 6. Let j(n) = 12*n**2 - n - x*n - 15 - 13*n**a + 6. Calculate j(-6).
3
Let y(i) = i**3 - 7*i**2 + 2*i + 2. Suppose -223*f + 1086 = 99*f + 120. What is y(f)?
-28
Let g = -18 + 11. Let o(m) = 11*m**3 - 59*m**2 + 16*m + 64. Let c(d) = -7*d**3 + 36*d**2 - 10*d - 41. Let t(b) = 8*c(b) + 5*o(b). Determine t(g).
-8
Let x(a) = 16*a**2 - 14*a + 21. Let u(v) = 3*v**2 - 3*v + 4. Let n(d) = 11*u(d) - 2*x(d). Suppose 0 = 10*z - 11*z + 1, -7 = -3*l + 2*z. Determine n(l).
-4
Suppose -3*q + 19 = 4. Let f = -20 + 22. Let s(u) = 5 + u + f - u - 2*u. Give s(q).
-3
Suppose 2*m - 55 = 3*v, 2*v + 159 = 153. Let s(o) be the first derivative of m + 5*o - 1/2*o**2. What is s(7)?
-2
Suppose 118 = 4*o - 63*o. Let d(j) = -j + 9. Let q(a) = -a + 9. Suppose 2 = 2*w - 4. Let r(t) = o*d(t) + w*q(t). Determine r(7).
2
Let s = -1 + 6. Suppose 4*i = -2*l - 0*l - 20, i = -s*l - 14. Let m(r) = -6*r - 1398. Let y(b) = 5*b + 1197. Let q(x) = -6*m(x) - 7*y(x). What is q(i)?
5
Let l(k) = k**2 - 4*k + 3. Let u(y) = 4*y**3 + y**2 + 5*y + 2. Let v be u(4). Suppose 17*h + v = 11*h. Let x = h + 51. Determine l(x).
-1
Let f(i) = 3*i**2 - 2*i + 1. Let h be 1*((4 - 0/(-3)) + -2). Let c be (1 - h)/(1/3)*-1. What is f(c)?
22
Suppose 5*u + 0*u - 5*b = 0, -4*u = -b + 12. Let d(q) = 5 + 1 - 7*q + 2 + 27*q**2 - 13 - 28*q**2. Give d(u).
7
Let r(f) = f**2 - 12*f + 30. Let v be r(3). Let b(o) = 4*o**2 + 5*o + 3 + 8 - 23 - o**v + 11. Determine b(5).
-1
Let n = 22786 - 22800. Let u(o) = o + 9. Give u(n).
-5
Let n(m) = m**2 + 7*m + 1. Let z(w) = 48*w**3 - w**2 - 3*w - 2. Let s be z(-1). Suppose -20 = 4*k, 3*l - 4*k - 188 = -l. Let i = s + l. Give n(i).
-5
Let c(t) = -3*t - 35. Let u be c(-13). Suppose -3*v + 18 = -5*k, -4 = -4*v - u*k - 12. Let p(z) = z + 308*z**2 - 3*z - 307*z**2 - v. Calculate p(-1).
2
Suppose 2*f = -11*c + 9*c - 16, -4*c - 5 = -5*f. Let u(r) = 9*r + 29. Determine u(f).
2
Let g(n) = n**3 + 3*n**2 + 2*n + 2. Let h(u) = -4*u**3 - 10*u**2 - 36*u - 1. Let s be h(-5). Let t = -431 + s. What is g(t)?
2
Suppose -17 = p - 5*m, -p + 3*m + 7 = 18. Let k(z) = -4*z - 3. Let f be k(p). Let a(t) = t - 5. What is a(f)?
0
Let k(m) = -4 - 13*m**3 - 2 + 5 + 2*m. Suppose -1 = x - 4*n + 6, 2*n + 1 = 5*x. Determine k(x).
-12
Let q(y) = 385*y + 378*y + 379*y + 44 - 1141*y. Give q(-37).
7
Let n(c) = 22*c**2 - 11*c - 9*c**2 + 6*c - 5*c**2 + 6. Let d(w) = w**3 - 15*w**2 + 9*w - 11. Let f(j) = 6*d(j) + 11*n(j). Determine f(-1).
-7
Let q(g) = -29*g - 2. Suppose -62*x - 63 = -1. Give q(x).
27
Let w(a) = -4*a**3 - 7*a**2 + 14*a + 40. Let z(x) = 9*x**3 + 15*x**2 - 27*x - 81. Let b(s) = 7*w(s) + 3*z(s). Calculate b(-2).
-5
Let a(j) = 9*j - 1. Let v = 80 + -80. Let x be v + -2 + (19 - 7). Suppose -x*k = 15 - 5. Determine a(k).
-10
Let f(w) = 11*w**2 - 2*w - 4. Let r = 12473 + -12475. What is f(r)?
44
Let l(s) be the third derivative of -s**4/6 + 19*s**3/3 + 3291*s**2. Give l(0).
38
Let t(h) = -62*h**2 + 4*h**2 + 4 + 4*h + 16*h**2 + 17*h**2 + 26*h**2. Let o(k) = k**2 + 6*k + 1. Let v be o(-5). Calculate t(v).
4
Suppose 5*n = 10, -19*d + 4*n + 16 = -15*d. Let o(x) = -2*x - 1922 - 2*x - d*x + 1920. Calculate o(-2).
18
Let g be 2*2*((-12)/3)/4. Let f be (-15)/25 - 26/(-10). Let u(z) = -5 + 0*z**f - z + 0 + z**2. Determine u(g).
15
Let t(q) be the second derivative of q**6/360 - q**5/40 - q**4/12 + 29*q**3/6 + 51*q. Let f(c) be the second derivative of t(c). Determine f(3).
-2
Let f(t) = t**3 - 6*t**2 - 3. Suppose 0 = 11*s - 12 - 79 + 25. Calculate f(s).
-3
Let v(t) = -7*t - 5. Let h(j) = -8*j - 4. Let p(i) = 5*h(i) - 6*v(i). Suppose 0 = 5*g + 2*l + 41, -60*g - 8 = -58*g - 2*l. What is p(g)?
-4
Let w(g) = -15*g - 43. Let p(c) = 19 + 418*c - 813*c + 23 + 405*c - 14. Let v(o) = -8*p(o) - 5*w(o). What is v(-7)?
26
Let k(p) = -5*p**2 - 8*p + 5. Let f(i) = -4*i**2 - 11*i + 3. Let x(l) = -3*f(l) + 2*k(l). Determine x(-9).
10
Let d(l) be the third derivative of -l**4/24 + 4*l**3/3 + 6*l**2. Let s be 5/(-1) + (-780)/(-52). Determine d(s).
-2
Let v = 44 - 32. Let l be 2/v*-3*0. Let h = 4 + l. Let q(m) = -m**2 + m + 1. What is q(h)?
-11
Let j = -8058 - -8057. Let u(w) = -13*w**3 - 3*w**2 - 10*w - 8. Calculate u(j).
12
Let d(y) = y**3 - 11*y**2 - y + 20. Suppose 4*f = 5*h + 69, -36*f = -40*f - 3*h + 29. Calculate d(f).
9
Let j(m) = -3*m + 54. Suppose -1896*r + 1893*r + 85 = -4*z, -3*z = -4*r + 97. Give j(r).
-3
Let r(c) = 47*c + 49*c + 51*c - 160*c - 10. Let d be r(-5). Let z(g) = d - 25 + 3*g + g**2 - 29. Calculate z(-2).
-1
Suppose 14 = 50*j - 49*j - 2*a, j + 5*a + 28 = 0. Let o(w) = -24*w + 29. Calculate o(j).
-19
Let f(p) = -p**3 - 10*p**2 - 7*p + 7. Let w = 474 + -251. Let r = -232 + w. Give f(r).
-11
Let y be 22 + -8 + -1 + 3 + 204/(-6). Let u(n) = -7 - n - 16 + 1. Calculate u(y).
-4
Suppose -5*n = -4*n - 9. Let i(s) be the third derivative of -s**6/120 + 2*s**5/15 + s**4/2 + s**3/6 + 45055*s**2. Determine i(n).
28
Let g = 171 - 168. Let j(a) = 3*a**2 - 2*a - g - 2618*a**3 + a - 5*a + 2619*a**3. Determine j(-5).
-23
Let m(n) = 27*n**3 + 2*n**2 - 5*n + 7. Let r be m(2). Let s = r + -227. Let i(v) = v**3 + 5*v**2 - 7*v - 6. What is i(s)?
0
Let s(a) be the third derivative of -5*a**4/24 + 5*a**3/3 + 2*a**2 - 85*a. Let z(c) = 3*c - 11. Let f(h) = -2*s(h) - 3*z(h). Calculate f(-6).
7
Let a(r) = -811*r + 815*r - 8*r**2 - 8 - r**3 - 23 - 2*r**2 + 0. Determine a(-11).
46
Let f(o) = -o + 90 - 186 + 88. Let h be (11 + -9)*(-6)/4. What is f(h)?
-5
Let p(y) = -5*y + 26. Suppose 287 - 279 = 2*h. Let o(b) = 11*b - 57. Let d(w) = h*o(w) + 9*p(w). Give d(0).
6
Let w be (-22)/33*1*-18. Let m(h) = 2*h - 15. Let j be m(w). Let o be (-3)/(-3 - j/(-2)). Let r(i) = i - 1. Give r(o).
-3
Let f(w) be the third derivative of -w**5/60 - 29*w**4/24 - 2*w**3/3 - 80*w**2 - 2*w. What is f(-29)?
-4
Let u(q) = -48*q**2 + 28 + 9*q + 3 + 59*q**2 - 10*q**2. Determine u(-6).
13
Let l = 198 - 178. Let r(v) = -l - v**3 + v**2 - 27 + 46. What is r(3)?
-19
Let z(w) = 3*w**2 + 7*w - 7. Let v be (-54)/36*(-4)/3*-2. Determine z(v).
13
Suppose 0 = -2*o + m + 9, 1099*o - 1100*o - 2*m = -17. Let v(u) = u**2 - 19*u + 84. Determine v(o).
0
Let c(h) = -13 + h**3 + 3*h**2 + 7 - 7*h**2 + 5*h. Suppose 5*q - 3*i - 3 = 0, 18*q - 2*i = 17*q - 5. Determine c(q).
0
Let r(i) be the third derivative of -37*i**4/24 + 74*i**3/3 + 3180*i**2 - 1. What is r(4)?
0
Let u(a) = a**2 - 7*a. Let l be u(5). Let r(p) be the first derivative of p**3/3 + 9*p**2/2 - 11*p - 86. Determine r(l).
-1
Let f(j) = -j + 2. Let a = -176 + 184. Suppose -a*z = -z + 42. What is f(z)?
8
Let q(y) = y**2 - 7*y - 9. Let t be ((-21)/77)/(3/(-33)). Suppose 0 = -